*3 - 1309*v**2 + 350*v - 150. Give y(87).
24
Let r(g) = -85*g**3 - 972*g**2 + 583*g + 83. Calculate r(-12).
-1
Let w(i) = -317*i - 2036. Determine w(-6).
-134
Let r(b) = 7566*b + 45192. What is r(-6)?
-204
Let y(w) = 9399*w - 2039581. Give y(217).
2
Let n(u) = u**3 + 108*u**2 + 2635*u - 118. Give n(-37).
-414
Let h(c) = -15*c**2 + 70*c + 712. Give h(-11).
-1873
Let x(u) = -u**3 + 22*u**2 + 38*u - 350. Give x(22).
486
Let h(g) = 6*g**2 + 20*g - 215. Give h(-11).
291
Let q(v) = -1488*v - 14864. Determine q(-10).
16
Let a(r) = -29*r**3 - 4*r**2 - 5*r + 10. Calculate a(-2).
236
Let n(i) = i**2 + 798*i + 156746. What is n(-346)?
354
Let g(a) = 397*a - 324. What is g(-1)?
-721
Let k(w) = -327*w - 36620. Give k(-112).
4
Let q(a) = -8*a**2 - 1357*a + 52312. Determine q(-202).
-6
Let q(k) = -k**2 + 3153*k + 471364. What is q(-143)?
36
Let m(z) = 4*z**3 + 4*z**2 + 27*z + 294. Determine m(-7).
-1071
Let a(g) = 12629*g - 3283538. What is a(260)?
2
Let u(v) = 271*v**3 + 309*v**2 - 633*v + 25. Calculate u(2).
2163
Let a(r) = 85*r + 1178. Give a(-15).
-97
Let y(z) = 2*z**2 - 69*z - 17880. What is y(115)?
635
Let o(d) = -52858*d - 370011. Calculate o(-7).
-5
Let l(n) = -n**2 - 194*n + 16832. Determine l(70).
-1648
Let g(n) = 2*n**3 + 546*n**2 - 24*n - 6581. Determine g(-273).
-29
Let y(t) = -t**3 - 47*t**2 + 78*t - 111. What is y(-48)?
-1551
Let r(h) = h**2 - 90*h + 348. Calculate r(78).
-588
Let o(l) = -501*l - 2857. Give o(-5).
-352
Let g(j) = 1041*j + 92072. Determine g(-88).
464
Let s(m) = 1521*m + 2828. Give s(-2).
-214
Let d(y) = -30*y**3 - 236*y**2 + 105*y + 565. Give d(-8).
-19
Let p(k) = k**3 + 149*k**2 + 5459*k - 3331. Calculate p(-68).
1
Let s(a) = -8*a**3 + 2484*a**2 + 3751*a - 2007. Determine s(312).
177
Let b(a) = a**2 - 158*a + 4093. What is b(33)?
-32
Let p(v) = -v**3 + 354*v**2 - 8222*v - 976. Calculate p(329).
11
Let g(b) = -26*b**2 - 1720*b + 39385. Determine g(18).
1
Let c(g) = 13*g**3 + 100*g**2 - 26*g - 299. Determine c(-9).
-1442
Let x(q) = -q**2 + 26*q + 10042. Determine x(-87).
211
Let v(r) = -140*r - 2127. Determine v(-20).
673
Let x(g) = -2*g**2 + 335*g - 6562. Give x(22).
-160
Let w(d) = 2774*d - 643523. Give w(232).
45
Let q(u) = 2*u**2 + 145*u - 229. What is q(-74)?
-7
Let m(q) = -q**3 - 30*q**2 + 13457*q + 416223. Give m(-31).
17
Let f(i) = -i**3 + i**2 - 395*i + 2118. What is f(5)?
43
Let a(l) = 26*l**2 + 8700*l + 17399. Calculate a(-2).
103
Let q(p) = -4*p**2 + 7059*p + 888656. Determine q(-118).
-2
Let o(s) = s**3 - 10980*s**2 + 481184*s + 24. What is o(44)?
24
Let i(q) = 17895*q + 1342122. Give i(-75).
-3
Let o(k) = -149*k + 999. Determine o(5).
254
Let n(m) = -6*m**2 + 59*m + 732. Determine n(-8).
-124
Let d(j) = 9275*j - 74029. Determine d(8).
171
Let r(y) = -52249*y - 209006. What is r(-4)?
-10
Let i(w) = 406*w + 2332. What is i(-9)?
-1322
Let s(l) = -42*l**2 - 59623*l - 273103. Determine s(-1415).
-8
Let k(o) = -o**3 + 84*o**2 + 96*o + 96. Give k(85).
1031
Let k(j) = -j**2 + 31*j + 1432. Determine k(43).
916
Let h(d) = -d**3 - 59*d**2 - 2366*d - 128771. What is h(-57)?
-407
Let w(i) = 1044*i + 54175. Give w(-52).
-113
Let y(z) = 2*z**2 + 159946*z - 479861. Determine y(3).
-5
Let c(f) = 492*f**3 - 2*f**2 - 514*f + 516. Give c(1).
492
Let g(b) = -9*b**2 - 69*b + 393. What is g(7)?
-531
Let y(m) = -121*m**2 - 1539*m + 460. Determine y(-13).
18
Let o(u) = 4988*u + 119414. Give o(-24).
-298
Let d(v) = -v**3 - 30*v**2 + 644*v + 19328. Calculate d(-30).
8
Let y(p) = -902*p**2 + 11765*p - 81. Determine y(13).
426
Let f(z) = -42*z**2 + 8093*z + 1906. Give f(193).
-603
Let w(d) = -2*d**3 - 46*d**2 - 33*d + 110. Give w(-2).
8
Let g(k) = -k**3 - 8*k**2 - 21*k - 97. Give g(-6).
-43
Let p(g) = -652*g - 41885. What is p(-64)?
-157
Let c(g) = g**2 - 2538*g - 324527. Determine c(-122).
-7
Let p(g) = 3*g**3 - 382*g**2 - 212*g - 5632. Determine p(128).
0
Let j(g) = -2*g**2 + 359375*g + 1796840. Calculate j(-5).
-85
Let f(q) = q**3 - 42*q**2 + 126*q - 1610. What is f(40)?
230
Let h(u) = -3*u**2 + 122*u - 981. Give h(24).
219
Let s(k) = 3*k**2 + 862*k + 16428. Give s(-20).
388
Let i(k) = k**2 + 569*k + 14298. Give i(-26).
180
Let g(r) = 305*r - 57914. Calculate g(189).
-269
Let h(j) = -j**2 - 107026*j + 1284445. Give h(12).
-11
Let h(b) = 2*b**3 + 45*b**2 - 1215*b - 27499. Calculate h(-23).
-83
Let c(k) = k**3 - 19*k**2 + 59*k - 1356. Calculate c(22).
1394
Let j(x) = -30953*x + 248159. Give j(8).
535
Let p(m) = -366*m**2 - 20520*m - 1343. Give p(-56).
1
Let t(a) = -2*a**2 - 147*a - 2855. Give t(-33).
-182
Let l(y) = -y**3 + 218*y**2 - 5849*y - 19149. Give l(186).
9
Let j(o) = 1737*o - 314434. Give j(181).
-37
Let z(j) = -10*j**2 + 348*j - 3173. Determine z(9).
-851
Let y(q) = 32708*q + 457857. What is y(-14)?
-55
Let a(o) = 12*o**2 - 89*o + 54. Calculate a(7).
19
Let d(s) = 1151*s - 133697. Give d(116).
-181
Let o(k) = 7*k**2 - 1073*k - 744. Calculate o(154).
26
Let z(b) = b**2 + 63651*b + 9. What is z(0)?
9
Let i(o) = -6752*o - 33762. Calculate i(-5).
-2
Let w(p) = 10*p**2 - 675*p - 2529. Calculate w(71).
-44
Let w(a) = -11*a**2 - 592*a - 1851. Give w(-51).
-270
Let x(n) = 411*n**2 + 6895*n - 1634. What is x(-17)?
-70
Let a(l) = 7931*l - 3711717. Determine a(468).
-9
Let g(h) = h**3 + 106*h**2 - 412*h - 33155. What is g(-107)?
-520
Let l(b) = -41*b**2 - 651*b + 2912. Calculate l(5).
-1368
Let w(v) = 26*v**2 + 1227*v - 6500. Determine w(-52).
0
Let b(h) = -100101*h - 1101114. Calculate b(-11).
-3
Let t(d) = -d**2 - 2575*d - 492335. What is t(-208)?
1
Let c(h) = -h**3 - 135*h**2 - 4177*h - 107. Determine c(-48).
-59
Let g(l) = 1100*l + 45119. Give g(-41).
19
Let y(h) = h**3 + 13*h**2 - 56*h - 73. What is y(-16)?
55
Let p(v) = -230*v**2 - 3016*v - 5350. Determine p(-11).
-4
Let u(a) = -3*a**3 - 3*a**2 - 7*a + 17. Calculate u(-4).
189
Let h(s) = 706*s**2 - 5057*s + 4. What is h(7)?
-801
Let b(s) = -s**3 + 157*s**2 - 52*s + 58867. Determine b(159).
37
Let m(y) = -y**2 - 387*y + 28884. What is m(64)?
20
Let v(c) = -c**3 - 26*c**2 + 353*c + 128. Calculate v(10).
58
Let h(v) = -74736*v - 2316851. What is h(-31)?
-35
Let o(h) = -2*h**3 + 18*h**2 + 283*h - 2569. Determine o(11).
60
Let c(v) = 43*v**2 - 63*v - 51. Calculate c(7).
1615
Let v(c) = 3462*c + 88391. Determine v(-26).
-1621
Let o(y) = 87100*y + 435210. What is o(-5)?
-290
Let l(f) = -398*f**2 - 8323*f + 765. Determine l(-21).
30
Let h(z) = -2*z**3 + 9*z**2 + 103*z + 103. What is h(9)?
301
Let g(o) = -10*o**3 + 777*o**2 + 432*o - 15419. Give g(78).
25
Let t(f) = -5*f**3 + 75*f**2 + 16*f - 127. Calculate t(15).
113
Let n(c) = 10041*c - 130163. Calculate n(13).
370
Let w(v) = v**3 - 219*v**2 + 1891*v - 288. Give w(210).
-78
Let u(m) = 1460*m + 191281. Give u(-131).
21
Let l(r) = -r**3 + 36*r**2 - 247*r - 338. Determine l(16).
830
Let q(x) = -3286*x - 870799. Determine q(-265).
-9
Let p(b) = 53*b**2 + 16006*b + 110. Determine p(-302).
110
Let u(t) = 2*t**2 + 2695*t + 154459. What is u(-60)?
-41
Let l(m) = -m**2 - 7730*m + 61866. What is l(8)?
-38
Let o(r) = -68*r**2 - 119*r - 820. Determine o(-7).
-3319
Let q(b) = -4550*b + 7905. What is q(1)?
3355
Let c(h) = h**2 + 68*h + 732. Give c(-65).
537
Let i(u) = 5*u**2 - 280*u + 1759. What is i(8)?
-161
Let i(r) = r**3 - 13*r**2 + 233*r - 959. Determine i(5).
6
Let m(i) = 3*i**3 + 125*i**2 + 97*i - 4119. What is m(-40)?
1
Let a(f) = 2*f**3 + 29*f**2 + 780*f + 2141. Determine a(-3).
8
Let g(u) = -u**2 + 917392*u - 7339074. Calculate g(8).
-2
Let b(w) = -w**3 + 74*w**2 - 425*w + 1254. Calculate b(68).
98
Let k(i) = 111*i**2 - 33559*i + 33558. Determine k(1).
110
Let k(u) = -u**3 - 148*u**2 - 521*u - 33412. Determine k(-146).
22
Let q(h) = -7*h**2 - 431*h + 315. Determine q(-61).
559
Let y(o) = -1742*o - 45300. Calculate y(-26).
-8
Let k(v) = 138*v - 3959. What is k(11)?
-2441
Let x(s) = -s**2 - 7710*s - 184428. Give x(-24).
36
Let q(g) = g**3 - 37*g**2 - 1257*g - 835. Determine q(-21).
-16
Let t(u) = -642*u**3 - u**2 + 80*u - 80. What is t(1)?
-643
Let v(c) = -c**3 + 272*c**2 - 4087*c - 722. Determine v(256).
1582
Let n(u) = 297*u + 5171. What is n(-17)?
122
Let z(d) = 2196*d + 2297022. Calculate z(-1046).
6
Let v(w) = w**3 + 9*w**2 - 79*w - 846. Calculate v(-9).
-135
Let f(g) = -42577*g + 638650. What is f(15)?
-5
Let a(g) = g**2 - 50*g + 759. Wha